f 221 and z.
13
Suppose -5*c = -4*t + 179, 133 = 3*t - 3*c - c. Let b = -31 + t. What is the greatest common divisor of 380 and b?
20
Suppose 0 = -r - 2*g + 5 - 7, -16 = -4*r + 4*g. Suppose -r*a - 3*a = -1700. Calculate the greatest common factor of a and 20.
20
Let a = -52 - -55. Suppose m = -a*m + 5*n + 103, 0 = -5*m + 2*n + 133. Suppose 64 = 3*u - 17. What is the greatest common factor of m and u?
27
Let y(v) = -v**2 + 23*v + 53. Let r be y(22). Let p(l) = 23*l**2 + 7*l**2 + 4*l - 5*l + 1. Let u be p(1). What is the highest common factor of u and r?
15
Let z(d) = 42*d + 563. Let f be z(-13). Suppose -f*l = -5*l - 3264. Calculate the greatest common factor of l and 8.
8
Let o(z) = z**3 - 7*z**2 + 156*z + 60. Let r be o(15). What is the highest common factor of 168 and r?
168
Let o be (-1516)/(-14) + ((-4448)/(-112) - 40). What is the greatest common divisor of o and 4482?
54
Let m(z) = -4*z + 6. Let k be m(-11). Suppose 5*v = 4*t + 166, 35 - 1 = v - t. Calculate the highest common divisor of v and k.
10
Suppose -3*m + 16*u - 15*u + 2180 = 0, 3*u = -2*m + 1468. Let k = -560 + m. Calculate the greatest common factor of 42 and k.
42
Let x be (-40 - (-2 - -2))/((-22)/(-88)). Let c be (224/(-10))/(32/x). Calculate the highest common factor of c and 48.
16
Suppose 4*g + 26 = 86. Let a be (-6)/8*(g + -51). Calculate the greatest common divisor of a and 72.
9
Suppose 807 = 14*d + 793. Calculate the highest common factor of d and 5.
1
Let n be (70604/4)/((-30)/(-18)*(-21)/(-70)). What is the highest common divisor of 19 and n?
19
Suppose -3*x + 0*f - 3*f + 408 = 0, 0 = -5*x + 4*f + 680. Let h = x - 32. What is the highest common divisor of h and 26?
26
Let c(a) = -2*a**2 - 3 - 39*a**3 + 18*a**3 + 4*a + 22*a**3. Let t be c(2). Suppose 3*d = d + 2. What is the greatest common divisor of d and t?
1
Let r be (-51 + 7)/(0 + (-2)/(-2)). Let s be r/(-14)*(-5 + 72/6). What is the greatest common factor of s and 275?
11
Let q be (88/(-77)*(-63)/(-90))/(2/(-25)). Calculate the highest common factor of q and 44810.
10
Suppose 0 = -5*u + 11*u - 654. Let d = 169 - u. Calculate the greatest common divisor of d and 36.
12
Suppose 5*u - 3*i - 9584 = 0, i + 22 + 1892 = u. Calculate the greatest common factor of 791 and u.
113
Let n(k) = k**3 - 5*k**2 - 3*k + 3. Let x be n(4). Let r = x + 115. What is the greatest common factor of 120 and r?
30
Suppose 0 = 2*p - j - j - 36, -2*p - 5*j = -8. Suppose 12*z + 3 = 39. Suppose 0 = z*n - 580 + 574. Calculate the greatest common divisor of n and p.
2
Let a(j) = 2*j**2 - 2*j + 122. Let t be a(13). What is the greatest common divisor of t and 341?
31
Let c be 183*(7 + 19/(-3)). Calculate the highest common factor of c and 1.
1
Suppose -4*x + 19 = -5*i, 1 + 2 = 3*i. Let b be ((-3)/x + 1)*12/(-3). Let o = b + 67. Calculate the highest common divisor of o and 13.
13
Let w be ((-678)/(-180) - (5/50 + 0))*3. Calculate the highest common divisor of 7084 and w.
11
Let x be 1 + (1 - (0 + 8)). Let c be x/(-1 - 45/(-35)). Let a be (-2)/(-2) - (-7)/(c/(-6)). What is the highest common divisor of 2 and a?
1
Suppose 148*s = -276*s - 64*s + 1041392. Calculate the greatest common divisor of s and 44.
22
Let a = 19066 + -19042. Calculate the greatest common divisor of 762 and a.
6
Let f(a) = a**2 + 5*a - 6. Let v be f(4). Let c = 310 - 142. Let t = c - 93. Calculate the highest common factor of t and v.
15
Suppose 0 = -6*y - 5*a - 169 + 118, 3*a = -4*y - 29. Suppose 0*p + 4*l - 122 = -5*p, 4*l + 32 = 2*p. What is the highest common divisor of y and p?
2
Suppose 65 = -2*c - w, -3*c + 5*c - w + 63 = 0. Suppose 2*k + 12 = 6*k, 0 = -4*g + 3*k - 109. Let o = g - c. What is the greatest common divisor of 1 and o?
1
Let a be ((-126)/273)/((-4)/364). Calculate the highest common factor of 1330 and a.
14
Let h = 1987 - 1150. Suppose -c + i + 29 = 0, -5*i - 118 = -c - 3*c. What is the greatest common divisor of h and c?
27
Let o(a) = 4*a + 73. Let x be o(-11). Suppose 10*n + x*n = 1911. What is the highest common factor of n and 245?
49
Suppose -2587 + 437 = -5*p. Suppose -4*i - i = 3*u - p, -i + 5 = 0. Let j be -4 + (15 - 16/(-4)). Calculate the highest common factor of j and u.
15
Suppose -446*y + 3185 = -441*y. What is the highest common factor of y and 546?
91
Suppose -34*l + 33*l + 50280 = -4*g, -5*l + 251285 = 3*g. Suppose 24*s - l = -14236. What is the highest common divisor of s and 19?
19
Suppose 0 = 4*u - 4*a - 64, 2*a - 7*a + 55 = 4*u. Suppose 0 = 6*q - u*q + 207. Calculate the greatest common factor of q and 46.
23
Suppose 3*c + 5*x - 1764 = 0, 2*x = 2*c - x - 1176. Calculate the highest common factor of c and 2100.
84
Suppose 0 = 63*g - 130*g + 91*g - 4032. What is the greatest common factor of 147 and g?
21
Let d(k) = 9*k**2 + 73*k + 30. Let l be d(-8). Calculate the highest common factor of 3014 and l.
22
Let h = -72 + 66. Suppose 2 = -3*o - 13, -3*b + 4*o = 28. Let q = h - b. What is the highest common factor of q and 50?
10
Let m = -14 + 17. Suppose m = -4*d - 1. Let k(o) = 90*o**2 - 2*o - 2. Let u be k(d). What is the highest common factor of 30 and u?
30
Suppose 132*b + 765 = 177*b. What is the highest common divisor of b and 3281?
17
Let v(o) = -121*o**3 - o**2 + 16*o + 43. Let u be v(-2). What is the highest common divisor of u and 312?
39
Let i = -10068 + 10138. Calculate the highest common factor of 1162 and i.
14
Let c = 10238 - 9208. Calculate the greatest common factor of c and 10.
10
Let c = 1197 + -1180. Suppose -13*h + c + 152 = 0. Suppose 0 = 5*j - 3*k - 709, 0 = -2*j + k - 0*k + 284. Calculate the highest common divisor of j and h.
13
Let u(w) = -w**3 - 21*w**2 + 11*w + 49. Let b be u(-22). Suppose -900 = -b*a + 286*a. What is the greatest common factor of a and 40?
20
Suppose 2*y = -2*i + 1606, 487 = 3*i + 2*y - 1927. What is the greatest common divisor of i and 707?
101
Let y be (-1)/(2 + (-25848)/12920). Let l be y/21 + 138/1449. Suppose -3*k - k = -44. Calculate the highest common factor of k and l.
11
Let p(t) = 18*t + 3111. Let x be p(-137). Calculate the highest common factor of x and 2365.
215
Suppose 8*c - 59 = 283 + 970. What is the highest common factor of 64 and c?
4
Suppose 7*g + 17*g - 456 = 0. Calculate the highest common factor of g and 3002.
19
Let y = 1938 + -1929. Calculate the highest common divisor of y and 192.
3
Suppose 103 - 33 = 7*w - 364. Calculate the highest common factor of w and 16461.
31
Suppose 4*p = -4*d + 852, 15*p = -2*d + 20*p + 405. Calculate the highest common divisor of d and 5586.
42
Let x = -31 - -65. Let n = 586 - 535. Calculate the highest common divisor of n and x.
17
Let d(c) be the second derivative of -c**5/20 + 7*c**4/12 - c**3 + c**2/2 - 66*c. Let k be d(4). What is the highest common factor of k and 125?
25
Suppose 0 = 5*c - 3*l - 6, 2*c + 2*l - 58 = -62. Suppose c = -1871*b + 1863*b + 1360. What is the greatest common divisor of 20 and b?
10
Let f = -4105 + 4215. Calculate the greatest common factor of 14080 and f.
110
Let k(r) = -r**3 - 11*r**2 - 8*r - 18. Let u be k(-11). Suppose 2*q + 12*q = -u. Let t be 9 + 2 + q + 3. What is the highest common factor of t and 1?
1
Let s(j) = -j**2 - 35*j - 188. Let g be s(-9). Calculate the highest common factor of 598 and g.
46
Suppose -4*w - 43 = -3*p + 6*p, 4*p = 2*w - 94. Let d = p - -11. Let m(q) = -4*q - 26. Let k be m(d). What is the highest common factor of 56 and k?
14
Let i(a) = 2*a**2 - 8*a + 62. Let d be i(7). Let n = d - -121. What is the highest common factor of 18 and n?
9
Let t = 153 + -258. Let r be -4 - (-4 + t + 3). Let x(p) = p + 2. Let i be x(4). Calculate the highest common divisor of i and r.
6
Let q = 795 - 790. Suppose 3*d - q*f - 79 = 0, -55*d + 57*d - 54 = 2*f. Suppose 308 = 2*x - 84. Calculate the greatest common factor of x and d.
28
Suppose -12*v - 13*v + 13548 + 4577 = 0. What is the highest common divisor of 1798 and v?
29
Suppose -5*q - 56 = -y - 19, 5*y = -q + 133. What is the highest common divisor of y and 369?
9
Let q = -1405 + 1261. Let w be (-72)/q*(137 + -1). Let i(n) = n - 2. Let v be i(6). What is the greatest common divisor of w and v?
4
Let w = -17580 + 18132. Let p(d) = 3*d**2 + 2*d + 3. Let m be p(-3). Calculate the highest common divisor of m and w.
24
Suppose -l - 5*i = -256, 437 = 